 39*i - 11. Let r(c) = -26*c**2 - 79*c + 20. Let o(w) = -11*p(w) - 6*r(w). What is the tens digit of o(-4)?
0
Let v be (-1224)/60 - (-3)/(-5). Let g be 41272/v - 3/(-9). What is the units digit of g/(-35) + (-2)/14?
6
Suppose 206 = 14*j - 214. What is the units digit of (j + 2)/((-2)/(-4))?
4
Let z(j) = 413*j + 7430. What is the ten thousands digit of z(72)?
3
Suppose -107*q + 88*q = -57. Suppose q*r = -5*x + 1881, -3*x = 10*r - 15*r - 1149. What is the tens digit of x?
7
Let s = -1675 + 6938. Let z = -3606 + s. What is the tens digit of z?
5
Suppose -2*z - 4*i + 29 = -i, z + i - 15 = 0. What is the tens digit of -7*z/(-56) - -1120?
2
Suppose 4*k + 3452 = 4*v, -10*k + 2589 = 3*v - 8*k. What is the hundreds digit of v?
8
Suppose c = 46 - 53. Let u(x) = 5*x**2 + 7*x + 92. What is the units digit of u(c)?
8
Suppose -523*l = -490*l - 96896 - 463312. What is the units digit of l?
6
Let b be ((-200)/125)/((-2)/5). Suppose -2*v + 3*v = 5*u + 230, -4*v + 872 = -b*u. What is the tens digit of v?
1
Let j(a) be the first derivative of -13*a**2/2 + 90*a + 22. What is the tens digit of j(-19)?
3
Let u be -84*(18/54 + 1/6). Let b = u - -42. Suppose f - 78 - 34 = b. What is the tens digit of f?
1
Let p = 1 + 90. Suppose -55*x + 48*x = -p. Suppose x*s = 5*s + 808. What is the hundreds digit of s?
1
Suppose -15*v - 90 = -21*v. Suppose 2327 = -2*g + v*g. What is the units digit of g?
9
Let h = 8725 - 2341. What is the thousands digit of h?
6
Suppose -29*q + 31*q = 0. Suppose 5*n = j + n - 185, -3*j - 2*n + 485 = q. What is the tens digit of j?
6
Let r(u) = -27*u - 35. Suppose -c - 49 = -b + 6*b, -4*c - 86 = -2*b. What is the hundreds digit of r(c)?
6
What is the hundreds digit of (13 - 1)*(21/112)/((-15)/(-58060))?
7
Let l = 157844 - 88343. What is the ten thousands digit of l?
6
Suppose 7*d - 6*d = -5*x + 45177, 4*d = 4*x - 36156. What is the units digit of x?
6
Let p = 532 - 460. Suppose -b - p + 234 = 0. What is the units digit of b?
2
Let o = 65509 + -39250. What is the tens digit of o?
5
Let l(j) = -55*j + 4. Let r be l(25). Let k = 1929 + r. What is the units digit of k?
8
Let z(l) = -l**3 - 4*l**2 - 4*l - 12. Let g be z(-4). Suppose 33138 = -g*o + 46*o. What is the units digit of o?
9
Let l = 5236 + 3735. What is the tens digit of l?
7
Suppose 3*v - 18980 = 62*j - 64*j, -31628 = -5*v + 2*j. What is the thousands digit of v?
6
Let x(c) = -2783*c - 4840. What is the units digit of x(-7)?
1
Let n(w) = w**3 - 19*w**2 - 21*w - 17. Let r = 15 - -5. Let x be n(r). Let q = x - -44. What is the units digit of q?
7
Let a(t) = 11*t**3 - 3*t**2 + 4*t - 3. Let n(p) = -13. Let l(z) = -2*z - 53. Let q(s) = -4*l(s) + 18*n(s). Let f be q(3). What is the units digit of a(f)?
1
Let c(b) = 3*b + 12. Let w be c(-9). Let p be (-332)/w - (0 - 4/(-30)). Suppose -29*i + p*i = -679. What is the units digit of i?
7
Let p = -53 + 53. Suppose -x + 8 - 6 = p. Suppose 420 = 5*c - 4*t, x*c + 3*c = -3*t + 420. What is the units digit of c?
4
Let c be (((-1124)/(-3))/(-2))/((-32)/48). Suppose 4*h - 3*d - c = 0, 4*h - 63 - 222 = -d. What is the units digit of h?
1
Let y = -302 + 326. What is the tens digit of 8/y - 1662/(-9)?
8
Suppose 0 = -p - 3 + 2. Let f(c) = -3*c**3 - c**2 - 2*c - 1. Let g be f(p). Suppose a + 5*s - 64 = 3*s, -5*s = g*a - 191. What is the units digit of a?
2
What is the tens digit of (70 - 71)/(10/(-6)) + 75114/10?
1
Let h = -121 + 119. What is the units digit of ((-30)/(-25))/(h*5/(-775))?
3
Suppose -10*x = -23*x + 30628. What is the units digit of x?
6
Suppose -4*k + 5*f + 141 = 0, -3*f = -0*k + 4*k - 133. Suppose -3*g + 35 = -k. Let y = 73 - g. What is the units digit of y?
0
Suppose 4*z - 5531 = 3041. Let j = -495 + z. What is the thousands digit of j?
1
Suppose -8294*g = -5*c - 8290*g + 69210, 4*c = -2*g + 55368. What is the hundreds digit of c?
8
Let m(s) = 99*s**2 + 264*s + 14. What is the tens digit of m(-12)?
0
Suppose -8*x + 26 = -21*x. Let p(l) = -10*l**3 + 5*l**2 + 7*l - 2. What is the units digit of p(x)?
4
Let r(l) = -14*l**3 - 21*l**2 - 74*l + 21. What is the hundreds digit of r(-8)?
4
Let w be ((-65)/26)/(5/(-10)). Suppose -k = -0*k + 5*j - 63, 121 = 2*k + w*j. What is the tens digit of k?
5
Suppose -2*h + 8 = 0, 3*h - 5 - 7 = -5*k. Suppose 2135 = 5*b - i - 0*i, k = 3*i. What is the tens digit of b?
2
Suppose 1809 = 3*h - 3*q, 0 = -5*h + 2*q - q + 3011. Let i = h - 394. Suppose -4*x - i = -5*x. What is the hundreds digit of x?
2
What is the units digit of (273/56)/((-22)/(-26224))?
1
Suppose -h + 53710 = 3*x - 23146, 0 = -2*x - 5*h + 51233. What is the hundreds digit of x?
6
Let h = -3561 - -16266. What is the hundreds digit of h?
7
Let d = -3679 - -8264. Suppose 41*z - 36*z = d. What is the tens digit of z?
1
Let t(d) = d**3 - 14*d**2 - 16*d - 10. Let f be t(13). Let b be (-56)/140 + 2516/(-10). Let l = b - f. What is the tens digit of l?
3
What is the hundreds digit of (0 - 1)/((-8)/88304)?
0
Let a(q) = 72*q - 106*q - 37 + 63*q. What is the tens digit of a(19)?
1
Let q = 181 - 176. Let c(f) = -14*f + 9. Let b(m) = 15*m - 10. Let y(r) = 3*b(r) + 2*c(r). What is the units digit of y(q)?
3
What is the units digit of (-23 - 9107)*5/(-10)?
5
Let y = -44 - -46. Let w be (-7)/((-7)/y) + 0. Suppose -q - w*q = -222. What is the units digit of q?
4
What is the thousands digit of (-51 - -48)/((-6)/38)*223?
4
Suppose -20375 - 3431 = -g. What is the hundreds digit of g?
8
Suppose -4*k = -9*k + 2*g + 8, -g - 4 = -3*k. Suppose 12*v - 10*v + 2 = k, -v = -5*f + 5726. What is the units digit of f?
5
Suppose -4*f - 3*k + 209 - 1473 = 0, 0 = 3*f + 5*k + 937. Let x = f + 765. What is the tens digit of x?
4
Let k = -1809 + -509. Let y = 3467 + k. What is the tens digit of y?
4
Suppose -10*q + 0*q - 66*q + 893608 = 0. What is the ten thousands digit of q?
1
Suppose -27*y = 227*y + 84*y - 12261288. What is the hundreds digit of y?
2
Let r be 9 + -6 + -4 - (-1 + -9). Suppose -4*u - 86 = -2*y, -6*u = y - r*u - 47. What is the tens digit of y?
3
Let o be 32 + 2/(-2)*-7. Suppose -o*k + 3011 = -3541. What is the tens digit of k?
6
What is the ten thousands digit of (11224/2 - -2)/((-517)/77 + 7)?
1
What is the hundreds digit of (-242)/(215/2666*(-7)/(1820/16))?
7
Let w = 11804 - 4916. Suppose 152*o - 145*o - w = 0. What is the units digit of o?
4
Suppose -5*x = 5*s - 181470, x - 34563 = 3*s + 1719. What is the ten thousands digit of x?
3
Let d = -11038 - -18678. What is the hundreds digit of d?
6
Let v(x) = 26*x**3 - x**2 + 2*x - 1. Let g be v(3). Suppose 0 = 5*y - 3373 + g. Suppose 9*j = 14*j - y. What is the units digit of j?
7
Suppose -19*v + 35*v = 27*v - 40370. What is the units digit of v?
0
Let y = -128 + 199. Suppose -y = -6*u + 5*u. Suppose 0 = 3*x - 5*a - 66 + 22, -u = -2*x - 5*a. What is the units digit of x?
3
Let k(c) = 6*c**2 + 344*c - 1383. What is the tens digit of k(-104)?
3
What is the hundreds digit of (5226/15)/((-145)/25 + 6) - 8?
7
What is the hundreds digit of 785/(-6)*7672/(-60) + (-4)/18?
7
Suppose -10*x = -9*x - 2. Suppose 3 = r - x. Suppose 5*h - b - 239 = b, -r*h + 254 = 3*b. What is the tens digit of h?
4
Suppose 21 = -16*l + 19*l. Suppose -6*i + l*i = 1, -w = 2*i - 1554. What is the tens digit of w?
5
Let p be ((1008/30)/6)/((-1)/5). Let h = 404 + p. What is the hundreds digit of h?
3
Suppose -50186 = -2*k - b, -62*k + 2*b = -67*k + 125462. What is the thousands digit of k?
5
Let d(r) = 19*r**2 - 14*r + 39. Let b = -165 - -171. What is the hundreds digit of d(b)?
6
Let k(a) = a**3 - 18*a**2 + 7*a - 107. Let c be k(18). Suppose -7*t - 4440 = -c*t. What is the hundreds digit of t?
3
Suppose -z + 68011 = -2*m, -12*z + 11*z + 68002 = -m. What is the thousands digit of z?
7
Let w(f) = 362*f**2 + 42*f - 77. What is the units digit of w(2)?
5
Let j be 5 - 1 - 1 - -7. Suppose -w + 3 = 5*x, -j*x + 13*x = -4*w - 5. What is the hundreds digit of (w + (-12)/(-5))/((-2)/(-590))?
1
Let d(a) = -3*a + 52. Let x be d(19). Let q be ((-4)/x + 0)*(-100)/(-8). Let g(k) = 4*k**2 - 18*k - 26. What is the hundreds digit of g(q)?
1
What is the thousands digit of 4 + 84/32 + -3 + (-818828)/(-32)?
5
What is the hundreds digit of (7 - 6)*(14408 + -10 + 16)?
4
What is the units digit of (-12)/(-8)*(7688 + -26)?
3
Suppose -5*f + k - 19 = 0, -1 - 8 = 2*f + k. What is the ten